{"id":190,"date":"2020-01-13T15:14:59","date_gmt":"2020-01-13T14:14:59","guid":{"rendered":"https:\/\/trocis-showroom.de\/allcool\/?page_id=190"},"modified":"2022-09-06T10:57:34","modified_gmt":"2022-09-06T08:57:34","slug":"mietkatalog","status":"publish","type":"page","link":"https:\/\/trocis-showroom.de\/allcool\/mietkatalog\/","title":{"rendered":"Mietkatalog"},"content":{"rendered":"<p>[et_pb_section fb_built=&#8220;1&#8243; fullwidth=&#8220;on&#8220; admin_label=&#8220;Header&#8220; _builder_version=&#8220;4.14.7&#8243; _module_preset=&#8220;default&#8220; global_module=&#8220;1036&#8243; saved_tabs=&#8220;all&#8220; global_colors_info=&#8220;{}&#8220;][et_pb_fullwidth_image src=&#8220;https:\/\/trocis-showroom.de\/allcool\/wp-content\/uploads\/sites\/4\/2022\/02\/header-bahnschrift.png&#8220; title_text=&#8220;header-bahnschrift&#8220; admin_label=&#8220;Polarlicht mit Logo + Slogan&#8220; _builder_version=&#8220;4.16&#8243; _module_preset=&#8220;default&#8220; global_colors_info=&#8220;{}&#8220;][\/et_pb_fullwidth_image][\/et_pb_section][et_pb_section fb_built=&#8220;1&#8243; admin_label=&#8220;Seiten-\u00dcberschrift&#8220; _builder_version=&#8220;4.16&#8243; _module_preset=&#8220;default&#8220; custom_margin=&#8220;||0px||false|false&#8220; custom_padding=&#8220;||0px||false|false&#8220; custom_css_main_element=&#8220;margin-top: 0px;||padding-top: 0px;&#8220; locked=&#8220;off&#8220; global_colors_info=&#8220;{}&#8220;][et_pb_row column_padding_mobile=&#8220;on&#8220; admin_label=&#8220;Seiten-\u00dcberschrift&#8220; _builder_version=&#8220;4.16&#8243; background_size=&#8220;initial&#8220; background_position=&#8220;top_left&#8220; background_repeat=&#8220;repeat&#8220; custom_padding=&#8220;30px||30px||false|false&#8220; locked=&#8220;off&#8220; global_colors_info=&#8220;{}&#8220;][et_pb_column type=&#8220;4_4&#8243; _builder_version=&#8220;4.16&#8243; custom_padding=&#8220;|||&#8220; global_colors_info=&#8220;{}&#8220; custom_padding__hover=&#8220;|||&#8220;][et_pb_blurb title=&#8220;Mietkatalog&#8220; admin_label=&#8220;\u00dcberschrift&#8220; _builder_version=&#8220;4.17.2&#8243; header_font=&#8220;|700|||||||&#8220; header_text_color=&#8220;#2e75b6&#8243; header_font_size=&#8220;20px&#8220; header_letter_spacing=&#8220;1px&#8220; header_line_height=&#8220;1.6em&#8220; body_text_color=&#8220;#606060&#8243; body_font_size=&#8220;16px&#8220; background_size=&#8220;initial&#8220; background_position=&#8220;top_left&#8220; background_repeat=&#8220;repeat&#8220; text_orientation=&#8220;center&#8220; custom_margin=&#8220;||||false|false&#8220; custom_padding=&#8220;20px||||false|false&#8220; use_border_color=&#8220;off&#8220; border_color=&#8220;#ffffff&#8220; border_width=&#8220;1px&#8220; border_style=&#8220;solid&#8220; global_colors_info=&#8220;{}&#8220;]<\/p>\n<p>Wir vermieten preisg\u00fcnstig K\u00fchl- sowie Tiefk\u00fchlger\u00e4te f\u00fcr Messen, Ausstellungen und andere Veranstaltungen. Dazu vermieten wir professionelle Luftreiniger f\u00fcr den Einsatz im gewerblichen Bereich.<\/p>\n<p>[\/et_pb_blurb][\/et_pb_column][\/et_pb_row][\/et_pb_section][et_pb_section fb_built=&#8220;1&#8243; admin_label=&#8220;Mietkatalog Auswahl&#8220; _builder_version=&#8220;4.17.4&#8243; _module_preset=&#8220;default&#8220; background_color=&#8220;#ffffff&#8220; custom_padding=&#8220;30px||30px||true|false&#8220; custom_css_main_element=&#8220;margin: 0;||padding: 0;&#8220; locked=&#8220;off&#8220; global_colors_info=&#8220;{}&#8220;][et_pb_row column_structure=&#8220;1_3,1_3,1_3&#8243; admin_label=&#8220;Mietkatalog Auswahl&#8220; _builder_version=&#8220;4.17.2&#8243; _module_preset=&#8220;default&#8220; global_colors_info=&#8220;{}&#8220; border_color_all_image__hover=&#8220;#E02B20&#8243; border_color_all_image__hover_enabled=&#8220;on|hover&#8220;][et_pb_column type=&#8220;1_3&#8243; _builder_version=&#8220;4.17.1&#8243; _module_preset=&#8220;default&#8220; global_colors_info=&#8220;{}&#8220;][et_pb_blurb title=&#8220;K\u00fchlger\u00e4te&#8220; image_icon_background_color=&#8220;#d4e5f5&#8243; image=&#8220;https:\/\/trocis-showroom.de\/allcool\/wp-content\/uploads\/sites\/4\/2022\/04\/kuehlgeraete-mietkatalog.png&#8220; admin_label=&#8220;K\u00fchlger\u00e4te&#8220; _builder_version=&#8220;4.17.4&#8243; _dynamic_attributes=&#8220;link_option_url&#8220; _module_preset=&#8220;default&#8220; header_font=&#8220;|700|||||||&#8220; header_text_align=&#8220;center&#8220; header_text_color=&#8220;#2e75b6&#8243; header_line_height=&#8220;3em&#8220; body_text_color=&#8220;#606060&#8243; background_size=&#8220;initial&#8220; background_position=&#8220;top_left&#8220; background_repeat=&#8220;repeat&#8220; image_icon_custom_padding=&#8220;10px|10px|10px|10px|false|false&#8220; link_option_url=&#8220;@ET-DC@eyJkeW5hbWljIjp0cnVlLCJjb250ZW50IjoicG9zdF9saW5rX3VybF9wYWdlIiwic2V0dGluZ3MiOnsicG9zdF9pZCI6IjU3MCJ9fQ==@&#8220; custom_css_blurb_image=&#8220;margin-bottom: 0px!important;&#8220; border_radii_image=&#8220;on|5px|5px|5px|5px&#8220; border_color_all_image=&#8220;#0C71C3&#8243; box_shadow_style_image=&#8220;preset2&#8243; box_shadow_color_image=&#8220;#424242&#8243; global_colors_info=&#8220;{}&#8220; image__hover_enabled=&#8220;off|hover&#8220; child_filter_sepia__hover_enabled=&#8220;off|hover&#8220; child_filter_sepia__hover=&#8220;0%&#8220; child_filter_saturate__hover_enabled=&#8220;off|hover&#8220; border_color_all_image__hover_enabled=&#8220;off|desktop&#8220; border_color_all_image__hover=&#8220;#E02B20&#8243; image_icon_background_color__hover_enabled=&#8220;off|desktop&#8220; image_icon_background_color__hover=&#8220;#d4d2e8&#8243;][\/et_pb_blurb][\/et_pb_column][et_pb_column type=&#8220;1_3&#8243; _builder_version=&#8220;4.17.1&#8243; _module_preset=&#8220;default&#8220; global_colors_info=&#8220;{}&#8220;][et_pb_blurb title=&#8220;Tiefk\u00fchlger\u00e4te&#8220; image_icon_background_color=&#8220;#d4e5f5&#8243; image=&#8220;https:\/\/trocis-showroom.de\/allcool\/wp-content\/uploads\/sites\/4\/2022\/04\/tiefkuehlgeraete-mietkatalog.png&#8220; admin_label=&#8220;Tiefk\u00fchlger\u00e4te&#8220; _builder_version=&#8220;4.17.4&#8243; _dynamic_attributes=&#8220;link_option_url&#8220; _module_preset=&#8220;default&#8220; header_font=&#8220;|700|||||||&#8220; header_text_align=&#8220;center&#8220; header_text_color=&#8220;#2e75b6&#8243; header_line_height=&#8220;3em&#8220; body_text_color=&#8220;#606060&#8243; background_size=&#8220;initial&#8220; background_position=&#8220;top_left&#8220; background_repeat=&#8220;repeat&#8220; image_icon_custom_padding=&#8220;10px|10px|10px|10px|false|false&#8220; link_option_url=&#8220;@ET-DC@eyJkeW5hbWljIjp0cnVlLCJjb250ZW50IjoicG9zdF9saW5rX3VybF9wYWdlIiwic2V0dGluZ3MiOnsicG9zdF9pZCI6IjY2OSJ9fQ==@&#8220; custom_css_blurb_image=&#8220;margin-bottom: 0px!important;&#8220; border_radii_image=&#8220;on|5px|5px|5px|5px&#8220; border_color_all_image=&#8220;#0C71C3&#8243; box_shadow_style_image=&#8220;preset2&#8243; box_shadow_color_image=&#8220;#424242&#8243; global_colors_info=&#8220;{}&#8220; border_color_all_image__hover=&#8220;#E02B20&#8243; border_color_all_image__hover_enabled=&#8220;on|hover&#8220; image_icon_background_color__hover_enabled=&#8220;off|desktop&#8220; image_icon_background_color__hover=&#8220;#d4e5f5&#8243;][\/et_pb_blurb][\/et_pb_column][et_pb_column type=&#8220;1_3&#8243; _builder_version=&#8220;4.17.1&#8243; _module_preset=&#8220;default&#8220; global_colors_info=&#8220;{}&#8220;][et_pb_blurb title=&#8220;Luftreiniger&#8220; image_icon_background_color=&#8220;#d4e5f5&#8243; image=&#8220;https:\/\/trocis-showroom.de\/allcool\/wp-content\/uploads\/sites\/4\/2022\/04\/luftreiniger-mietkatalog.png&#8220; admin_label=&#8220;Luftreiniger&#8220; _builder_version=&#8220;4.17.4&#8243; _dynamic_attributes=&#8220;link_option_url&#8220; _module_preset=&#8220;default&#8220; header_font=&#8220;|700|||||||&#8220; header_text_align=&#8220;center&#8220; header_text_color=&#8220;#2e75b6&#8243; header_line_height=&#8220;3em&#8220; body_text_color=&#8220;#606060&#8243; background_size=&#8220;initial&#8220; background_position=&#8220;top_left&#8220; background_repeat=&#8220;repeat&#8220; image_icon_custom_padding=&#8220;10px|10px|10px|10px|false|false&#8220; link_option_url=&#8220;@ET-DC@eyJkeW5hbWljIjp0cnVlLCJjb250ZW50IjoicG9zdF9saW5rX3VybF9wYWdlIiwic2V0dGluZ3MiOnsicG9zdF9pZCI6IjY0NSJ9fQ==@&#8220; custom_css_blurb_image=&#8220;margin-bottom: 0px!important;&#8220; border_radii_image=&#8220;on|5px|5px|5px|5px&#8220; border_color_all_image=&#8220;#0C71C3&#8243; box_shadow_style_image=&#8220;preset2&#8243; box_shadow_color_image=&#8220;#424242&#8243; global_colors_info=&#8220;{}&#8220; border_color_all_image__hover=&#8220;#E02B20&#8243; border_color_all_image__hover_enabled=&#8220;on|hover&#8220;][\/et_pb_blurb][\/et_pb_column][\/et_pb_row][\/et_pb_section][et_pb_section fb_built=&#8220;1&#8243; admin_label=&#8220;Mietkatalog \u00dcbersicht&#8220; _builder_version=&#8220;4.17.4&#8243; _module_preset=&#8220;default&#8220; background_color=&#8220;#ffffff&#8220; custom_padding=&#8220;30px||30px||false|false&#8220; custom_css_main_element=&#8220;margin-top: 0px;||padding-top: 0px;&#8220; locked=&#8220;off&#8220; global_colors_info=&#8220;{}&#8220;][et_pb_row column_structure=&#8220;1_2,1_2&#8243; admin_label=&#8220;Mietkatalog \u00dcbersicht&#8220; _builder_version=&#8220;4.17.3&#8243; _module_preset=&#8220;default&#8220; min_height=&#8220;315px&#8220; custom_padding=&#8220;||||false|false&#8220; global_colors_info=&#8220;{}&#8220;][et_pb_column type=&#8220;1_2&#8243; _builder_version=&#8220;4.16&#8243; _module_preset=&#8220;default&#8220; custom_padding=&#8220;|0px|||false|false&#8220; global_colors_info=&#8220;{}&#8220;][et_pb_text admin_label=&#8220;K\u00fchlger\u00e4te\/Tiefk\u00fchlger\u00e4te&#8220; _builder_version=&#8220;4.18.0&#8243; _module_preset=&#8220;default&#8220; header_3_font=&#8220;|700|||||||&#8220; header_3_text_align=&#8220;center&#8220; header_3_text_color=&#8220;#2e75b6&#8243; header_3_font_size=&#8220;20px&#8220; header_4_font=&#8220;|700|||||||&#8220; header_4_text_align=&#8220;left&#8220; header_4_text_color=&#8220;#2e75b6&#8243; header_4_font_size=&#8220;16px&#8220; header_4_line_height=&#8220;1.7em&#8220; custom_margin=&#8220;|0px|||false|false&#8220; custom_margin_tablet=&#8220;|0px||0px|false|false&#8220; custom_margin_phone=&#8220;|0px|||false|false&#8220; custom_margin_last_edited=&#8220;on|desktop&#8220; hover_enabled=&#8220;0&#8243; global_colors_info=&#8220;{}&#8220; sticky_enabled=&#8220;0&#8243;]<\/p>\n<h4>Der in unserem Mietkatalog angegebene Mietpreis f\u00fcr K\u00fchlger\u00e4te und Tiefk\u00fchlger\u00e4te beinhaltet:<\/h4>\n<ul>\n<li>Transportkosten innerhalb von Deutschland (gesonderte Preise bei PLZ 18 und Inseln)<\/li>\n<li>Anlieferung und Abholung<\/li>\n<li>Stellen auf Ihren Messestand oder Gesch\u00e4ftsr\u00e4umen<\/li>\n<li>Reparatur-\/Ersatzservice falls n\u00f6tig<\/li>\n<\/ul>\n<p><strong>Die angegebenen Preise f\u00fcr die K\u00fchl- sowie Tiefk\u00fchlger\u00e4te sind Netto-Preise und gelten f\u00fcr die gesamte Veranstaltung bis zu 14 Tage.<\/strong><\/p>\n<p>Sie ben\u00f6tigen ein K\u00fchl-\/Tiefk\u00fchlger\u00e4t l\u00e4nger als 14 Tage? Zum Beispiel f\u00fcr eine Renovierung\/Umbau Ihres Ladenlokals oder f\u00fcr ein spezielles Werbeprojekt?<br \/>\nF\u00fcr\u00a0<strong>Langzeitvermietungen<\/strong>\u00a0gibt es bei uns ein spezielles Preiskonzept. Bitte fragen Sie nach einem individuellen Angebot!<\/p>\n<p>F\u00fcr Bestellungen setzen Sie sich bitte telefonisch mit uns in Verbindung oder nutzen Sie unser <strong><a href=\"https:\/\/trocis-showroom.de\/allcool\/bestellung-mietgeraete\/\">Bestellformular<\/a><\/strong>.[\/et_pb_text][\/et_pb_column][et_pb_column type=&#8220;1_2&#8243; _builder_version=&#8220;4.16&#8243; _module_preset=&#8220;default&#8220; custom_padding=&#8220;|||0px|false|false&#8220; global_colors_info=&#8220;{}&#8220;][et_pb_text admin_label=&#8220;Luftreiniger&#8220; _builder_version=&#8220;4.17.6&#8243; _module_preset=&#8220;default&#8220; header_3_font=&#8220;|700|||||||&#8220; header_3_text_align=&#8220;center&#8220; header_3_text_color=&#8220;#2e75b6&#8243; header_3_font_size=&#8220;20px&#8220; header_4_font=&#8220;|700|||||||&#8220; header_4_text_align=&#8220;left&#8220; header_4_text_color=&#8220;#2e75b6&#8243; header_4_font_size=&#8220;16px&#8220; header_4_line_height=&#8220;1.7em&#8220; custom_margin=&#8220;|0px|||false|false&#8220; custom_margin_tablet=&#8220;|0px||0px|false|false&#8220; custom_margin_phone=&#8220;|0px|||false|false&#8220; custom_margin_last_edited=&#8220;on|desktop&#8220; global_colors_info=&#8220;{}&#8220;]<\/p>\n<h4>Der in unserem Mietkatalog angegebene Mietpreis f\u00fcr Luftreiniger beinhaltet:<\/h4>\n<ul>\n<li>Pers\u00f6nliche Anlieferung und Abholung der Ger\u00e4te<\/li>\n<li>Planung und Erstellung eines Raumkonzeptes<\/li>\n<li>Aufstellung und Installation<\/li>\n<li>Einweisung in die Funktionen<\/li>\n<li>Support und Aufstellung von Ersatzger\u00e4ten<\/li>\n<\/ul>\n<p><strong>Die f\u00fcr die Luftreiniger angegebenen Preise sind Netto-Preise und sind in Kurzzeit- sowie Langzeitmiete f\u00fcr den Rhein-Sieg-Kreis unterteilt.<\/strong><\/p>\n<p>Bei Lieferungen an Wochenenden und au\u00dferhalb des Rhein-Sieg-Kreises bitte gesonderte Transportkosten erfragen!<\/p>\n<p>F\u00fcr Bestellungen setzen Sie sich bitte telefonisch mit uns in Verbindung oder nutzen Sie unser <strong><a href=\"https:\/\/trocis-showroom.de\/allcool\/bestellung-mietgeraete\/\">Bestellformular<\/a>.<\/strong><\/p>\n<p>[\/et_pb_text][\/et_pb_column][\/et_pb_row][\/et_pb_section]<\/p>\n","protected":false},"excerpt":{"rendered":"<p>Wir vermieten preisg\u00fcnstig K\u00fchl- sowie Tiefk\u00fchlger\u00e4te f\u00fcr Messen, Ausstellungen und andere Veranstaltungen. Dazu vermieten wir professionelle Luftreiniger f\u00fcr den Einsatz im gewerblichen Bereich.Der in unserem Mietkatalog angegebene Mietpreis f\u00fcr K\u00fchlger\u00e4te und Tiefk\u00fchlger\u00e4te beinhaltet: Transportkosten innerhalb von Deutschland (gesonderte Preise bei PLZ 18 und Inseln) Anlieferung und Abholung Stellen auf Ihren Messestand oder Gesch\u00e4ftsr\u00e4umen Reparatur-\/Ersatzservice falls [&hellip;]<\/p>\n","protected":false},"author":1,"featured_media":0,"parent":0,"menu_order":0,"comment_status":"closed","ping_status":"closed","template":"","meta":{"_et_pb_use_builder":"on","_et_pb_old_content":"","_et_gb_content_width":"","footnotes":""},"class_list":["post-190","page","type-page","status-publish","hentry"],"_links":{"self":[{"href":"https:\/\/trocis-showroom.de\/allcool\/wp-json\/wp\/v2\/pages\/190","targetHints":{"allow":["GET"]}}],"collection":[{"href":"https:\/\/trocis-showroom.de\/allcool\/wp-json\/wp\/v2\/pages"}],"about":[{"href":"https:\/\/trocis-showroom.de\/allcool\/wp-json\/wp\/v2\/types\/page"}],"author":[{"embeddable":true,"href":"https:\/\/trocis-showroom.de\/allcool\/wp-json\/wp\/v2\/users\/1"}],"replies":[{"embeddable":true,"href":"https:\/\/trocis-showroom.de\/allcool\/wp-json\/wp\/v2\/comments?post=190"}],"version-history":[{"count":52,"href":"https:\/\/trocis-showroom.de\/allcool\/wp-json\/wp\/v2\/pages\/190\/revisions"}],"predecessor-version":[{"id":3627,"href":"https:\/\/trocis-showroom.de\/allcool\/wp-json\/wp\/v2\/pages\/190\/revisions\/3627"}],"wp:attachment":[{"href":"https:\/\/trocis-showroom.de\/allcool\/wp-json\/wp\/v2\/media?parent=190"}],"curies":[{"name":"wp","href":"https:\/\/api.w.org\/{rel}","templated":true}]}}