{"id":206,"date":"2020-01-13T15:17:52","date_gmt":"2020-01-13T14:17:52","guid":{"rendered":"https:\/\/trocis-showroom.de\/allcool\/?page_id=206"},"modified":"2022-03-15T10:44:14","modified_gmt":"2022-03-15T09:44:14","slug":"impressum","status":"publish","type":"page","link":"https:\/\/trocis-showroom.de\/allcool\/impressum\/","title":{"rendered":"Impressum"},"content":{"rendered":"<p>[et_pb_section fb_built=&#8220;1&#8243; fullwidth=&#8220;on&#8220; admin_label=&#8220;Header&#8220; _builder_version=&#8220;4.14.7&#8243; _module_preset=&#8220;default&#8220; global_module=&#8220;1036&#8243; saved_tabs=&#8220;all&#8220; global_colors_info=&#8220;{}&#8220;][et_pb_fullwidth_image src=&#8220;https:\/\/trocis-showroom.de\/allcool\/wp-content\/uploads\/sites\/4\/2022\/02\/header-bahnschrift.png&#8220; title_text=&#8220;header-bahnschrift&#8220; admin_label=&#8220;Polarlicht mit Logo + Slogan&#8220; _builder_version=&#8220;4.14.8&#8243; _module_preset=&#8220;default&#8220; global_colors_info=&#8220;{}&#8220;][\/et_pb_fullwidth_image][\/et_pb_section][et_pb_section fb_built=&#8220;1&#8243; admin_label=&#8220;Seiten-\u00dcberschrift&#8220; _builder_version=&#8220;4.14.8&#8243; _module_preset=&#8220;default&#8220; custom_margin=&#8220;||0px||false|false&#8220; custom_padding=&#8220;||0px||false|false&#8220; custom_css_main_element=&#8220;margin-top: 0px;||padding-top: 0px;&#8220; locked=&#8220;off&#8220; global_colors_info=&#8220;{}&#8220;][et_pb_row column_padding_mobile=&#8220;on&#8220; admin_label=&#8220;Seiten-\u00dcberschrift&#8220; _builder_version=&#8220;4.14.8&#8243; background_size=&#8220;initial&#8220; background_position=&#8220;top_left&#8220; background_repeat=&#8220;repeat&#8220; custom_padding=&#8220;30px||20px||false|false&#8220; locked=&#8220;off&#8220; global_colors_info=&#8220;{}&#8220;][et_pb_column type=&#8220;4_4&#8243; _builder_version=&#8220;4.14.8&#8243; custom_padding=&#8220;|||&#8220; global_colors_info=&#8220;{}&#8220; custom_padding__hover=&#8220;|||&#8220;][et_pb_blurb title=&#8220;Impressum&#8220; admin_label=&#8220;\u00dcberschrift&#8220; _builder_version=&#8220;4.14.9&#8243; header_font=&#8220;|700|||||||&#8220; header_text_color=&#8220;#2e75b6&#8243; header_font_size=&#8220;20px&#8220; header_letter_spacing=&#8220;1px&#8220; header_line_height=&#8220;1.6em&#8220; body_text_color=&#8220;#606060&#8243; body_font_size=&#8220;16px&#8220; background_size=&#8220;initial&#8220; background_position=&#8220;top_left&#8220; background_repeat=&#8220;repeat&#8220; text_orientation=&#8220;center&#8220; custom_margin=&#8220;||||false|false&#8220; custom_padding=&#8220;20px||||false|false&#8220; use_border_color=&#8220;off&#8220; border_color=&#8220;#ffffff&#8220; border_width=&#8220;1px&#8220; border_style=&#8220;solid&#8220; global_colors_info=&#8220;{}&#8220;][\/et_pb_blurb][\/et_pb_column][\/et_pb_row][\/et_pb_section][et_pb_section fb_built=&#8220;1&#8243; admin_label=&#8220;Impressum&#8220; _builder_version=&#8220;4.14.9&#8243; _module_preset=&#8220;default&#8220; custom_padding=&#8220;1px||0px||false|false&#8220; custom_css_main_element=&#8220;margin: 0;||padding: 0;||&#8220; global_colors_info=&#8220;{}&#8220;][et_pb_row column_structure=&#8220;1_2,1_2&#8243; admin_label=&#8220;Impressum&#8220; _builder_version=&#8220;4.14.9&#8243; _module_preset=&#8220;default&#8220; global_colors_info=&#8220;{}&#8220;][et_pb_column type=&#8220;1_2&#8243; _builder_version=&#8220;4.14.9&#8243; _module_preset=&#8220;default&#8220; global_colors_info=&#8220;{}&#8220;][et_pb_text admin_label=&#8220;Kontaktdaten&#8220; _builder_version=&#8220;4.14.9&#8243; _module_preset=&#8220;default&#8220; header_3_font=&#8220;|700|||||||&#8220; header_3_text_color=&#8220;#2e75b6&#8243; header_3_font_size=&#8220;16px&#8220; header_3_line_height=&#8220;1.7em&#8220; global_colors_info=&#8220;{}&#8220;]<\/p>\n<h3>Allcool Refrigeration GmbH<\/h3>\n<p>Am Himmelsberg 4<br \/>D-53639 K\u00f6nigswinter<\/p>\n<p>Telefon: +49 (0) 22 44 \u2013 8 75 70 50<br \/>Telefax: +49 (0) 22 44 \u2013 8 75 70 52<\/p>\n<p>E-Mail: info@allcool.de<br \/>Internet: https:\/\/www.allcool.de<\/p>\n<p><strong><br \/>Gesch\u00e4ftsf\u00fchrer<\/strong><br \/>Kerstin Vostell<\/p>\n<p>[\/et_pb_text][\/et_pb_column][et_pb_column type=&#8220;1_2&#8243; admin_label=&#8220;Impressum&#8220; _builder_version=&#8220;4.14.9&#8243; _module_preset=&#8220;default&#8220; global_colors_info=&#8220;{}&#8220;][et_pb_text admin_label=&#8220;Ansprechpartner&#8220; _builder_version=&#8220;4.14.9&#8243; _module_preset=&#8220;default&#8220; header_3_font=&#8220;|700|||||||&#8220; header_3_text_color=&#8220;#2e75b6&#8243; header_3_font_size=&#8220;16px&#8220; header_3_line_height=&#8220;1.7em&#8220; global_colors_info=&#8220;{}&#8220;]<\/p>\n<h3>Ihre Ansprechpartner<\/h3>\n<p><strong>Kerstin Vostell<\/strong><br \/>Gesch\u00e4ftsbereich: Gesch\u00e4ftsleitung\/Verkauf<br \/>Telefon: +49 (0) 22 44 \u2013 8 75 70 50<br \/>E-Mail: kerstin.vostell@allcool.de<\/p>\n<p><strong>Bodo St\u00f6wer<\/strong><br \/>Gesch\u00e4ftsbereich: Vermietung<br \/>Telefon: +49 (0) 22 44 \u2013 8 75 70 51<br \/>E-Mail: bodo.stoewer@allcool.de<\/p>\n<p>[\/et_pb_text][\/et_pb_column][\/et_pb_row][\/et_pb_section][et_pb_section fb_built=&#8220;1&#8243; admin_label=&#8220;weitere Infos&#8220; _builder_version=&#8220;4.14.9&#8243; _module_preset=&#8220;default&#8220; custom_css_main_element=&#8220;margin: 0;||padding: 0;||&#8220; global_colors_info=&#8220;{}&#8220;][et_pb_row column_structure=&#8220;1_2,1_2&#8243; admin_label=&#8220;weitere Infos&#8220; _builder_version=&#8220;4.14.9&#8243; _module_preset=&#8220;default&#8220; global_colors_info=&#8220;{}&#8220;][et_pb_column type=&#8220;1_2&#8243; _builder_version=&#8220;4.14.9&#8243; _module_preset=&#8220;default&#8220; global_colors_info=&#8220;{}&#8220;][et_pb_text admin_label=&#8220;Handelsregister&#8220; _builder_version=&#8220;4.14.9&#8243; _module_preset=&#8220;default&#8220; header_3_font=&#8220;|700|||||||&#8220; header_3_text_color=&#8220;#2e75b6&#8243; header_3_font_size=&#8220;16px&#8220; header_3_line_height=&#8220;1.7em&#8220; global_colors_info=&#8220;{}&#8220;]<\/p>\n<h3>Handelsregister<\/h3>\n<p>Amtsgericht Siegburg, HRB 6573<br \/>Umsatzsteueridentifikationsnummer: DE 224 605 946<\/p>\n<p>[\/et_pb_text][\/et_pb_column][et_pb_column type=&#8220;1_2&#8243; _builder_version=&#8220;4.14.9&#8243; _module_preset=&#8220;default&#8220; global_colors_info=&#8220;{}&#8220;][et_pb_text admin_label=&#8220;Haftungshinweis&#8220; _builder_version=&#8220;4.14.9&#8243; _module_preset=&#8220;default&#8220; header_3_font=&#8220;|700|||||||&#8220; header_3_text_color=&#8220;#2e75b6&#8243; header_3_font_size=&#8220;16px&#8220; header_3_line_height=&#8220;1.7em&#8220; global_colors_info=&#8220;{}&#8220;]<\/p>\n<h3>Haftungshinweis<\/h3>\n<p>Trotz sorgf\u00e4ltiger inhaltlicher Kontrolle \u00fcbernehmen wir keine Haftung f\u00fcr die Inhalte externer Links. F\u00fcr den Inhalt der verlinkten Seiten sind ausschlie\u00dflich deren Betreiber verantwortlich.<\/p>\n<p>[\/et_pb_text][\/et_pb_column][\/et_pb_row][\/et_pb_section][et_pb_section fb_built=&#8220;1&#8243; admin_label=&#8220;AGB &#038; Onlinestreitbeilegung&#8220; _builder_version=&#8220;4.14.9&#8243; _module_preset=&#8220;default&#8220; custom_css_main_element=&#8220;margin: 0;||padding: 0;||&#8220; global_colors_info=&#8220;{}&#8220;][et_pb_row column_structure=&#8220;1_2,1_2&#8243; admin_label=&#8220;AGB &#038; Onlinestreitbeilegung&#8220; _builder_version=&#8220;4.14.9&#8243; _module_preset=&#8220;default&#8220; global_colors_info=&#8220;{}&#8220;][et_pb_column type=&#8220;1_2&#8243; _builder_version=&#8220;4.14.9&#8243; _module_preset=&#8220;default&#8220; global_colors_info=&#8220;{}&#8220;][et_pb_text admin_label=&#8220;AGB&#8220; _builder_version=&#8220;4.14.9&#8243; _module_preset=&#8220;default&#8220; header_3_font=&#8220;|700|||||||&#8220; header_3_text_color=&#8220;#2e75b6&#8243; header_3_font_size=&#8220;16px&#8220; header_3_line_height=&#8220;1.7em&#8220; global_colors_info=&#8220;{}&#8220;]<\/p>\n<h3>Allgemeine Gesch\u00e4ftsbedingungen<\/h3>\n<p>Hier finden Sie unsere AGB als PDF-Dokument (86 KB):<br \/><a href=\"https:\/\/www.allcool.de\/agb.pdf\" target=\"_blank\" rel=\"noopener\"><strong>Allgemeine Gesch\u00e4ftsbedingungen<\/strong> \u00a0<\/a><\/p>\n<p>[\/et_pb_text][\/et_pb_column][et_pb_column type=&#8220;1_2&#8243; _builder_version=&#8220;4.14.9&#8243; _module_preset=&#8220;default&#8220; global_colors_info=&#8220;{}&#8220;][et_pb_text admin_label=&#8220;Online-Streitbeilegung&#8220; _builder_version=&#8220;4.14.9&#8243; _module_preset=&#8220;default&#8220; header_3_font=&#8220;|700|||||||&#8220; header_3_text_color=&#8220;#2e75b6&#8243; header_3_font_size=&#8220;16px&#8220; header_3_line_height=&#8220;1.7em&#8220; global_colors_info=&#8220;{}&#8220;]<\/p>\n<h3>Online-Streitbeilegung<\/h3>\n<p>Die Europ\u00e4ische Kommission stellt eine Plattform zur Online-Streitbeilegung (OS) bereit.<br \/>Diese Plattform finden Sie unter <a href=\"https:\/\/webgate.ec.europa.eu\/odr\/\" target=\"_blank\" rel=\"noopener\"><strong>https:\/\/webgate.ec.europa.eu\/odr\/<\/strong> \u00a0<\/a><\/p>\n<p>[\/et_pb_text][\/et_pb_column][\/et_pb_row][\/et_pb_section][et_pb_section fb_built=&#8220;1&#8243; admin_label=&#8220;Webdesign&#8220; _builder_version=&#8220;4.14.9&#8243; _module_preset=&#8220;default&#8220; custom_padding=&#8220;||50px||false|false&#8220; hover_enabled=&#8220;0&#8243; custom_css_main_element=&#8220;margin: 0;||padding: 0;||&#8220; global_colors_info=&#8220;{}&#8220; sticky_enabled=&#8220;0&#8243;][et_pb_row column_structure=&#8220;1_2,1_2&#8243; admin_label=&#8220;Webdesign&#8220; _builder_version=&#8220;4.14.9&#8243; _module_preset=&#8220;default&#8220; global_colors_info=&#8220;{}&#8220;][et_pb_column type=&#8220;1_2&#8243; _builder_version=&#8220;4.14.9&#8243; _module_preset=&#8220;default&#8220; global_colors_info=&#8220;{}&#8220;][et_pb_text admin_label=&#8220;Webdesign&#8220; _builder_version=&#8220;4.14.9&#8243; _module_preset=&#8220;default&#8220; header_3_font=&#8220;|700|||||||&#8220; header_3_text_color=&#8220;#2e75b6&#8243; header_3_font_size=&#8220;16px&#8220; header_3_line_height=&#8220;1.7em&#8220; global_colors_info=&#8220;{}&#8220;]<\/p>\n<h3>Webdesign &#8211; Konzept &#8211; Realisierung<\/h3>\n<p>Diese Internetpr\u00e4senz wurde konzipiert und umgesetzt von<br \/><a href=\"https:\/\/trocis.eu\" target=\"_blank\" rel=\"noopener\"><strong>TroCIS Webdesign\u00a0<\/strong><\/a><\/p>\n<p>[\/et_pb_text][\/et_pb_column][et_pb_column type=&#8220;1_2&#8243; _builder_version=&#8220;4.14.9&#8243; _module_preset=&#8220;default&#8220; global_colors_info=&#8220;{}&#8220;][et_pb_accordion toggle_icon=&#8220;&#x50;||divi||400&#8243; icon_color=&#8220;#2e75b6&#8243; admin_label=&#8220;Bildnachweise&#8220; _builder_version=&#8220;4.14.9&#8243; _module_preset=&#8220;default&#8220; toggle_text_color=&#8220;#2e75b6&#8243; toggle_level=&#8220;h3&#8243; toggle_font=&#8220;|700|||||||&#8220; toggle_font_size=&#8220;16px&#8220; global_colors_info=&#8220;{}&#8220;][et_pb_accordion_item title=&#8220;Bildnachweise&#8220; open=&#8220;on&#8220; icon_color=&#8220;#2e75b6&#8243; toggle_icon=&#8220;&#x50;||divi||400&#8243; _builder_version=&#8220;4.14.9&#8243; _module_preset=&#8220;default&#8220; global_colors_info=&#8220;{}&#8220;]<\/p>\n<p>Einige der auf dieser Webseite verwendeten Bilder stammen aus der Bilddatenbank Pixabay. Die Bildrechte liegen weiterhin bei den genannten Urhebern.<\/p>\n<p>[\/et_pb_accordion_item][\/et_pb_accordion][\/et_pb_column][\/et_pb_row][\/et_pb_section]<\/p>\n","protected":false},"excerpt":{"rendered":"<p>Allcool Refrigeration GmbH Am Himmelsberg 4D-53639 K\u00f6nigswinter Telefon: +49 (0) 22 44 \u2013 8 75 70 50Telefax: +49 (0) 22 44 \u2013 8 75 70 52 E-Mail: info@allcool.deInternet: https:\/\/www.allcool.de Gesch\u00e4ftsf\u00fchrerKerstin VostellIhre Ansprechpartner Kerstin VostellGesch\u00e4ftsbereich: Gesch\u00e4ftsleitung\/VerkaufTelefon: +49 (0) 22 44 \u2013 8 75 70 50E-Mail: kerstin.vostell@allcool.de Bodo St\u00f6werGesch\u00e4ftsbereich: VermietungTelefon: +49 (0) 22 44 \u2013 8 75 [&hellip;]<\/p>\n","protected":false},"author":1,"featured_media":0,"parent":0,"menu_order":0,"comment_status":"closed","ping_status":"closed","template":"","meta":{"_et_pb_use_builder":"on","_et_pb_old_content":"","_et_gb_content_width":"","footnotes":""},"class_list":["post-206","page","type-page","status-publish","hentry"],"_links":{"self":[{"href":"https:\/\/trocis-showroom.de\/allcool\/wp-json\/wp\/v2\/pages\/206","targetHints":{"allow":["GET"]}}],"collection":[{"href":"https:\/\/trocis-showroom.de\/allcool\/wp-json\/wp\/v2\/pages"}],"about":[{"href":"https:\/\/trocis-showroom.de\/allcool\/wp-json\/wp\/v2\/types\/page"}],"author":[{"embeddable":true,"href":"https:\/\/trocis-showroom.de\/allcool\/wp-json\/wp\/v2\/users\/1"}],"replies":[{"embeddable":true,"href":"https:\/\/trocis-showroom.de\/allcool\/wp-json\/wp\/v2\/comments?post=206"}],"version-history":[{"count":59,"href":"https:\/\/trocis-showroom.de\/allcool\/wp-json\/wp\/v2\/pages\/206\/revisions"}],"predecessor-version":[{"id":1437,"href":"https:\/\/trocis-showroom.de\/allcool\/wp-json\/wp\/v2\/pages\/206\/revisions\/1437"}],"wp:attachment":[{"href":"https:\/\/trocis-showroom.de\/allcool\/wp-json\/wp\/v2\/media?parent=206"}],"curies":[{"name":"wp","href":"https:\/\/api.w.org\/{rel}","templated":true}]}}