{"id":991,"date":"2022-02-27T10:20:18","date_gmt":"2022-02-27T09:20:18","guid":{"rendered":"https:\/\/trocis-showroom.de\/allcool\/?page_id=991"},"modified":"2022-03-02T14:32:40","modified_gmt":"2022-03-02T13:32:40","slug":"ueber-uns","status":"publish","type":"page","link":"https:\/\/trocis-showroom.de\/allcool\/ueber-uns\/","title":{"rendered":"\u00dcber uns"},"content":{"rendered":"<p>[et_pb_section fb_built=&#8220;1&#8243; fullwidth=&#8220;on&#8220; admin_label=&#8220;Header&#8220; _builder_version=&#8220;4.14.7&#8243; _module_preset=&#8220;default&#8220; global_module=&#8220;1036&#8243; saved_tabs=&#8220;all&#8220; global_colors_info=&#8220;{}&#8220;][et_pb_fullwidth_image src=&#8220;https:\/\/trocis-showroom.de\/allcool\/wp-content\/uploads\/sites\/4\/2022\/03\/header-polarlicht_weiss.png&#8220; title_text=&#8220;header-polarlicht_weiss&#8220; admin_label=&#8220;Polarlicht mit Logo + Slogan&#8220; _builder_version=&#8220;4.14.8&#8243; _module_preset=&#8220;default&#8220; global_colors_info=&#8220;{}&#8220;][\/et_pb_fullwidth_image][\/et_pb_section][et_pb_section fb_built=&#8220;1&#8243; admin_label=&#8220;Seiten-\u00dcberschrift&#8220; _builder_version=&#8220;4.14.8&#8243; _module_preset=&#8220;default&#8220; custom_margin=&#8220;||0px||false|false&#8220; custom_padding=&#8220;||0px||false|false&#8220; custom_css_main_element=&#8220;margin-top: 0px;||padding-top: 0px;&#8220; locked=&#8220;off&#8220; global_colors_info=&#8220;{}&#8220;][et_pb_row column_padding_mobile=&#8220;on&#8220; admin_label=&#8220;Seiten-\u00dcberschrift&#8220; _builder_version=&#8220;4.14.8&#8243; background_size=&#8220;initial&#8220; background_position=&#8220;top_left&#8220; background_repeat=&#8220;repeat&#8220; custom_padding=&#8220;30px||20px||false|false&#8220; locked=&#8220;off&#8220; global_colors_info=&#8220;{}&#8220;][et_pb_column type=&#8220;4_4&#8243; _builder_version=&#8220;4.14.8&#8243; custom_padding=&#8220;|||&#8220; global_colors_info=&#8220;{}&#8220; custom_padding__hover=&#8220;|||&#8220;][et_pb_blurb title=&#8220;Allcool Refrigeration GmbH&#8220; admin_label=&#8220;\u00dcberschrift&#8220; _builder_version=&#8220;4.14.8&#8243; header_font=&#8220;|700|||||||&#8220; header_text_color=&#8220;#2e75b6&#8243; header_font_size=&#8220;20px&#8220; header_letter_spacing=&#8220;1px&#8220; header_line_height=&#8220;1.6em&#8220; body_text_color=&#8220;#606060&#8243; body_font_size=&#8220;16px&#8220; background_size=&#8220;initial&#8220; background_position=&#8220;top_left&#8220; background_repeat=&#8220;repeat&#8220; text_orientation=&#8220;center&#8220; custom_margin=&#8220;||||false|false&#8220; custom_padding=&#8220;20px||||false|false&#8220; use_border_color=&#8220;off&#8220; border_color=&#8220;#ffffff&#8220; border_width=&#8220;1px&#8220; border_style=&#8220;solid&#8220; global_colors_info=&#8220;{}&#8220;][\/et_pb_blurb][\/et_pb_column][\/et_pb_row][\/et_pb_section][et_pb_section fb_built=&#8220;1&#8243; admin_label=&#8220;\u00dcber uns&#8220; _builder_version=&#8220;4.14.8&#8243; _module_preset=&#8220;default&#8220; custom_css_main_element=&#8220;margin-top: 0px;||padding-top: 0px;&#8220; global_colors_info=&#8220;{}&#8220;][et_pb_row admin_label=&#8220;\u00dcber uns&#8220; _builder_version=&#8220;4.14.8&#8243; _module_preset=&#8220;default&#8220; max_width=&#8220;700px&#8220; custom_padding=&#8220;5px||||false|false&#8220; global_colors_info=&#8220;{}&#8220;][et_pb_column type=&#8220;4_4&#8243; _builder_version=&#8220;4.14.8&#8243; _module_preset=&#8220;default&#8220; global_colors_info=&#8220;{}&#8220;][et_pb_text admin_label=&#8220;\u00dcber uns&#8220; _builder_version=&#8220;4.14.8&#8243; _module_preset=&#8220;default&#8220; global_colors_info=&#8220;{}&#8220;]<\/p>\n<p><span style=\"font-size: 11.0pt; font-family: 'Arial',sans-serif;\">Seit 2001 vermieten und verkaufen wir gewerbliche K\u00fchl- und Tiefk\u00fchlger\u00e4te.<\/span><\/p>\n<p>Wir arbeiten mit vielen namhaften Herstellern von K\u00fchl-\/Tiefk\u00fchlequipment zusammen, so dass wir aus einer Vielzahl von K\u00fchlm\u00f6beln Ihre Wunschger\u00e4te finden k\u00f6nnen. Sollten Sie individuelle W\u00fcnsche haben, designen wir Ihre Ger\u00e4te nach Ihren Vorstellungen.<\/p>\n<p>Bei uns erhalten Sie Ihre K\u00fchll\u00f6sungen f\u00fcr Ihre Veranstaltungen wie Messen, Events, Kundenversammlungen, Sommerfeste und vieles mehr.<\/p>\n<p>Wir unterst\u00fctzen Sie bei Werbeprojekten in Ihren Gesch\u00e4ftsr\u00e4umen und stellen Ihnen K\u00fchll\u00f6sungen f\u00fcr Ihre Produkte zur Verf\u00fcgung, die auch gerne nur f\u00fcr Sie mit einem eigenen Branding oder mit individuellen Sonderanfertigungen zur Erh\u00f6hung des Werbeeffektes angefertigt werden.<\/p>\n<p>Auch bei Umsetzungen von besonderen oder neuen Ideen, wie z.B. die Planung einer gek\u00fchlten Abholstation stehen wir gerne an Ihrer Seite. Lassen Sie uns Ihre Ideen mit unseren K\u00fchll\u00f6sungen realisieren.<\/p>\n<p>Nat\u00fcrlich sind wir auch f\u00fcr kurzfristige L\u00f6sungen f\u00fcr Sie da und helfen Ihnen mit unseren Mietger\u00e4ten, damit es nicht bei einem Umbau Ihrer Gesch\u00e4ftsr\u00e4ume oder einer Reparatur von bestehenden Ger\u00e4ten zum Ausfall Ihrer K\u00fchlung kommt.<\/p>\n<p>Wir beraten Sie gerne. Ihre Zufriedenheit ist unser Ziel. F\u00fcr weitere Fragen setzen Sie sich bitte telefonisch mit uns in Verbindung oder nutzen Sie unser\u00a0<strong><a href=\"https:\/\/www.allcool.de\/kontakt\/\">Kontaktformular<\/a>.<\/strong><\/p>\n<p>Seit 2020 vermieten und verkaufen wir professionelle Luftreiniger.<\/p>\n<p>Unsere mobilen Luftreiniger eignen sich f\u00fcr den Einsatz in der Gastronomie, in Unternehmen, Banken, \u00f6ffentlichen Geb\u00e4uden, bei Sport und Wellness, im Handel sowie auch in Arztpraxen oder auch f\u00fcr den privaten Bereich. Mit unseren neuen professionellen Luftreinigern sorgen Sie f\u00fcr saubere Luft in Ihren R\u00e4umen und geben Ihnen, Ihren Kunden und Ihren Mitarbeitern ein gro\u00dfes Ma\u00df an Sicherheit durch eine bestm\u00f6glich von Viren und Bakterien gereinigte Atemluft.<\/p>\n<p>Wir beraten Sie gerne \u00fcber das richtige Konzept f\u00fcr Ihre R\u00e4ume. F\u00fcr weitere Fragen setzen Sie sich bitte telefonisch mit uns in Verbindung oder nutzen Sie unser\u00a0<strong><a href=\"https:\/\/www.allcool.de\/kontakt\/\">Kontaktformular<\/a>.<\/strong><\/p>\n<p>[\/et_pb_text][\/et_pb_column][\/et_pb_row][\/et_pb_section]<\/p>\n","protected":false},"excerpt":{"rendered":"<p>Seit 2001 vermieten und verkaufen wir gewerbliche K\u00fchl- und Tiefk\u00fchlger\u00e4te. Wir arbeiten mit vielen namhaften Herstellern von K\u00fchl-\/Tiefk\u00fchlequipment zusammen, so dass wir aus einer Vielzahl von K\u00fchlm\u00f6beln Ihre Wunschger\u00e4te finden k\u00f6nnen. Sollten Sie individuelle W\u00fcnsche haben, designen wir Ihre Ger\u00e4te nach Ihren Vorstellungen. Bei uns erhalten Sie Ihre K\u00fchll\u00f6sungen f\u00fcr Ihre Veranstaltungen wie Messen, Events, [&hellip;]<\/p>\n","protected":false},"author":1,"featured_media":0,"parent":0,"menu_order":0,"comment_status":"closed","ping_status":"closed","template":"","meta":{"_et_pb_use_builder":"on","_et_pb_old_content":"","_et_gb_content_width":"","footnotes":""},"class_list":["post-991","page","type-page","status-publish","hentry"],"_links":{"self":[{"href":"https:\/\/trocis-showroom.de\/allcool\/wp-json\/wp\/v2\/pages\/991","targetHints":{"allow":["GET"]}}],"collection":[{"href":"https:\/\/trocis-showroom.de\/allcool\/wp-json\/wp\/v2\/pages"}],"about":[{"href":"https:\/\/trocis-showroom.de\/allcool\/wp-json\/wp\/v2\/types\/page"}],"author":[{"embeddable":true,"href":"https:\/\/trocis-showroom.de\/allcool\/wp-json\/wp\/v2\/users\/1"}],"replies":[{"embeddable":true,"href":"https:\/\/trocis-showroom.de\/allcool\/wp-json\/wp\/v2\/comments?post=991"}],"version-history":[{"count":32,"href":"https:\/\/trocis-showroom.de\/allcool\/wp-json\/wp\/v2\/pages\/991\/revisions"}],"predecessor-version":[{"id":1193,"href":"https:\/\/trocis-showroom.de\/allcool\/wp-json\/wp\/v2\/pages\/991\/revisions\/1193"}],"wp:attachment":[{"href":"https:\/\/trocis-showroom.de\/allcool\/wp-json\/wp\/v2\/media?parent=991"}],"curies":[{"name":"wp","href":"https:\/\/api.w.org\/{rel}","templated":true}]}}